{"id":122,"date":"2026-08-30T17:02:30","date_gmt":"2026-08-30T17:02:30","guid":{"rendered":"https:\/\/loving-bouman.104-156-48-234.plesk.page\/?page_id=122"},"modified":"2026-08-30T17:02:33","modified_gmt":"2026-08-30T17:02:33","slug":"curso-de-instalacao-eletrica-avancada","status":"publish","type":"page","link":"https:\/\/mastergv.com.br\/?page_id=122","title":{"rendered":"Curso de Instala\u00e7\u00e3o Eletrica Avan\u00e7ada"},"content":{"rendered":"<p>[et_pb_section fb_built=&#8221;1&#8243; _builder_version=&#8221;4.27.8&#8243; _module_preset=&#8221;default&#8221; custom_padding=&#8221;18px||0px|||&#8221; global_colors_info=&#8221;{}&#8221;][et_pb_row _builder_version=&#8221;4.27.8&#8243; _module_preset=&#8221;default&#8221; custom_padding=&#8221;||6px|||&#8221; global_colors_info=&#8221;{}&#8221;][et_pb_column type=&#8221;4_4&#8243; _builder_version=&#8221;4.27.8&#8243; _module_preset=&#8221;default&#8221; global_colors_info=&#8221;{}&#8221;][et_pb_text _builder_version=&#8221;4.27.8&#8243; _module_preset=&#8221;default&#8221; hover_enabled=&#8221;0&#8243; global_colors_info=&#8221;{}&#8221; sticky_enabled=&#8221;0&#8243;]<\/p>\n<h1>Curso de Instala\u00e7\u00e3o El\u00e9trica Avan\u00e7ada<\/h1>\n<h2>Capacita\u00e7\u00e3o profissional para instala\u00e7\u00f5es el\u00e9tricas<\/h2>\n<p>O Curso de Instala\u00e7\u00e3o El\u00e9trica Avan\u00e7ada \u00e9 destinado a quem deseja aprofundar seus conhecimentos e desenvolver habilidades para executar instala\u00e7\u00f5es el\u00e9tricas com maior seguran\u00e7a, organiza\u00e7\u00e3o e efici\u00eancia.<\/p>\n<p>A capacita\u00e7\u00e3o aborda conceitos e pr\u00e1ticas utilizados em instala\u00e7\u00f5es residenciais, comerciais e prediais, preparando o participante para compreender sistemas el\u00e9tricos mais complexos, identificar problemas e executar servi\u00e7os de acordo com as boas pr\u00e1ticas e normas t\u00e9cnicas aplic\u00e1veis.<\/p>\n<h2>O que voc\u00ea vai aprender<\/h2>\n<p>\u2022 Dimensionamento de circuitos el\u00e9tricos<br \/>\u2022 Leitura e interpreta\u00e7\u00e3o de projetos e diagramas el\u00e9tricos<br \/>\u2022 Instala\u00e7\u00e3o e organiza\u00e7\u00e3o de quadros de distribui\u00e7\u00e3o<br \/>\u2022 Dimensionamento de cabos, disjuntores e dispositivos de prote\u00e7\u00e3o<br \/>\u2022 Circuitos monof\u00e1sicos, bif\u00e1sicos e trif\u00e1sicos<br \/>\u2022 Sistemas de aterramento<br \/>\u2022 Dispositivos DR e DPS<br \/>\u2022 Identifica\u00e7\u00e3o e diagn\u00f3stico de falhas el\u00e9tricas<br \/>\u2022 Distribui\u00e7\u00e3o de cargas e organiza\u00e7\u00e3o dos circuitos<br \/>\u2022 Instala\u00e7\u00f5es residenciais, comerciais e prediais<br \/>\u2022 No\u00e7\u00f5es de comandos e sistemas el\u00e9tricos<br \/>\u2022 Manuten\u00e7\u00e3o preventiva e corretiva<br \/>\u2022 Seguran\u00e7a em instala\u00e7\u00f5es e servi\u00e7os com eletricidade<br \/>\u2022 Boas pr\u00e1ticas e normas t\u00e9cnicas aplic\u00e1veis<\/p>\n<h2>Para quem \u00e9 indicado?<\/h2>\n<p>O curso \u00e9 indicado para eletricistas, instaladores, profissionais da constru\u00e7\u00e3o civil e pessoas que j\u00e1 possuem conhecimentos b\u00e1sicos de el\u00e9trica e desejam avan\u00e7ar na qualifica\u00e7\u00e3o profissional.<\/p>\n<h2>Amplie suas oportunidades profissionais<\/h2>\n<p>Profissionais qualificados em instala\u00e7\u00f5es el\u00e9tricas podem atuar em constru\u00e7\u00f5es, reformas, manuten\u00e7\u00e3o de im\u00f3veis, empresas especializadas ou de forma aut\u00f4noma.<\/p>\n<p><strong>Aperfei\u00e7oe seus conhecimentos. Eleve seu n\u00edvel profissional. Esteja preparado para novos desafios no mercado el\u00e9trico.<\/strong><\/p>\n<p>[\/et_pb_text][\/et_pb_column][\/et_pb_row][et_pb_row _builder_version=&#8221;4.27.8&#8243; _module_preset=&#8221;default&#8221; custom_padding=&#8221;16px|||||&#8221; global_colors_info=&#8221;{}&#8221;][et_pb_column type=&#8221;4_4&#8243; _builder_version=&#8221;4.27.8&#8243; _module_preset=&#8221;default&#8221; global_colors_info=&#8221;{}&#8221;][et_pb_image src=&#8221;https:\/\/mastergv.com.br\/wp-content\/uploads\/2026\/08\/b-300&#215;171.png&#8221; title_text=&#8221;b&#8221; url=&#8221;https:\/\/www.mastergv.com.br\/&#8221; align=&#8221;center&#8221; _builder_version=&#8221;4.27.8&#8243; _module_preset=&#8221;default&#8221; global_colors_info=&#8221;{}&#8221;][\/et_pb_image][\/et_pb_column][\/et_pb_row][\/et_pb_section]<\/p>\n","protected":false},"excerpt":{"rendered":"<p>Curso de Instala\u00e7\u00e3o El\u00e9trica Avan\u00e7ada Capacita\u00e7\u00e3o profissional para instala\u00e7\u00f5es el\u00e9tricas O Curso de Instala\u00e7\u00e3o El\u00e9trica Avan\u00e7ada \u00e9 destinado a quem deseja aprofundar seus conhecimentos e desenvolver habilidades para executar instala\u00e7\u00f5es el\u00e9tricas com maior seguran\u00e7a, organiza\u00e7\u00e3o e efici\u00eancia. A capacita\u00e7\u00e3o aborda conceitos e pr\u00e1ticas utilizados em instala\u00e7\u00f5es residenciais, comerciais e prediais, preparando o participante para compreender [&hellip;]<\/p>\n","protected":false},"author":1,"featured_media":0,"parent":0,"menu_order":0,"comment_status":"closed","ping_status":"closed","template":"page-template-blank.php","meta":{"_et_pb_use_builder":"on","_et_pb_old_content":"","_et_gb_content_width":"","footnotes":""},"class_list":["post-122","page","type-page","status-publish","hentry"],"_links":{"self":[{"href":"https:\/\/mastergv.com.br\/index.php?rest_route=\/wp\/v2\/pages\/122","targetHints":{"allow":["GET"]}}],"collection":[{"href":"https:\/\/mastergv.com.br\/index.php?rest_route=\/wp\/v2\/pages"}],"about":[{"href":"https:\/\/mastergv.com.br\/index.php?rest_route=\/wp\/v2\/types\/page"}],"author":[{"embeddable":true,"href":"https:\/\/mastergv.com.br\/index.php?rest_route=\/wp\/v2\/users\/1"}],"replies":[{"embeddable":true,"href":"https:\/\/mastergv.com.br\/index.php?rest_route=%2Fwp%2Fv2%2Fcomments&post=122"}],"version-history":[{"count":3,"href":"https:\/\/mastergv.com.br\/index.php?rest_route=\/wp\/v2\/pages\/122\/revisions"}],"predecessor-version":[{"id":127,"href":"https:\/\/mastergv.com.br\/index.php?rest_route=\/wp\/v2\/pages\/122\/revisions\/127"}],"wp:attachment":[{"href":"https:\/\/mastergv.com.br\/index.php?rest_route=%2Fwp%2Fv2%2Fmedia&parent=122"}],"curies":[{"name":"wp","href":"https:\/\/api.w.org\/{rel}","templated":true}]}}

Curso de Instalação Eletrica Avançada

<p>[et_pb_section fb_built=&#8221;1&#8243; _builder_version=&#8221;4.27.8&#8243; _module_preset=&#8221;default&#8221; custom_padding=&#8221;18px||0px|||&#8221; global_colors_info=&#8221;{}&#8221;][et_pb_row _builder_version=&#8221;4.27.8&#8243; _module_preset=&#8221;default&#8221; custom_padding=&#8221;||6px|||&#8221; global_colors_info=&#8221;{}&#8221;][et_pb_column type=&#8221;4_4&#8243; _builder_version=&#8221;4.27.8&#8243; _module_preset=&#8221;default&#8221; global_colors_info=&#8221;{}&#8221;][et_pb_text _builder_version=&#8221;4.27.8&#8243; _module_preset=&#8221;default&#8221; hover_enabled=&#8221;0&#8243; global_colors_info=&#8221;{}&#8221; sticky_enabled=&#8221;0&#8243;]</p>
<h1>Curso de Instalação Elétrica Avançada</h1>
<h2>Capacitação profissional para instalações elétricas</h2>
<p>O Curso de Instalação Elétrica Avançada é destinado a quem deseja aprofundar seus conhecimentos e desenvolver habilidades para executar instalações elétricas com maior segurança, organização e eficiência.</p>
<p>A capacitação aborda conceitos e práticas utilizados em instalações residenciais, comerciais e prediais, preparando o participante para compreender sistemas elétricos mais complexos, identificar problemas e executar serviços de acordo com as boas práticas e normas técnicas aplicáveis.</p>
<h2>O que você vai aprender</h2>
<p>• Dimensionamento de circuitos elétricos<br />• Leitura e interpretação de projetos e diagramas elétricos<br />• Instalação e organização de quadros de distribuição<br />• Dimensionamento de cabos, disjuntores e dispositivos de proteção<br />• Circuitos monofásicos, bifásicos e trifásicos<br />• Sistemas de aterramento<br />• Dispositivos DR e DPS<br />• Identificação e diagnóstico de falhas elétricas<br />• Distribuição de cargas e organização dos circuitos<br />• Instalações residenciais, comerciais e prediais<br />• Noções de comandos e sistemas elétricos<br />• Manutenção preventiva e corretiva<br />• Segurança em instalações e serviços com eletricidade<br />• Boas práticas e normas técnicas aplicáveis</p>
<h2>Para quem é indicado?</h2>
<p>O curso é indicado para eletricistas, instaladores, profissionais da construção civil e pessoas que já possuem conhecimentos básicos de elétrica e desejam avançar na qualificação profissional.</p>
<h2>Amplie suas oportunidades profissionais</h2>
<p>Profissionais qualificados em instalações elétricas podem atuar em construções, reformas, manutenção de imóveis, empresas especializadas ou de forma autônoma.</p>
<p><strong>Aperfeiçoe seus conhecimentos. Eleve seu nível profissional. Esteja preparado para novos desafios no mercado elétrico.</strong></p>
<p>[/et_pb_text][/et_pb_column][/et_pb_row][et_pb_row _builder_version=&#8221;4.27.8&#8243; _module_preset=&#8221;default&#8221; custom_padding=&#8221;16px|||||&#8221; global_colors_info=&#8221;{}&#8221;][et_pb_column type=&#8221;4_4&#8243; _builder_version=&#8221;4.27.8&#8243; _module_preset=&#8221;default&#8221; global_colors_info=&#8221;{}&#8221;][et_pb_image src=&#8221;https://mastergv.com.br/wp-content/uploads/2026/08/b-300&#215;171.png&#8221; title_text=&#8221;b&#8221; url=&#8221;https://www.mastergv.com.br/&#8221; align=&#8221;center&#8221; _builder_version=&#8221;4.27.8&#8243; _module_preset=&#8221;default&#8221; global_colors_info=&#8221;{}&#8221;][/et_pb_image][/et_pb_column][/et_pb_row][/et_pb_section]</p>

<p>Curso de Instalação Elétrica Avançada Capacitação profissional para instalações elétricas O Curso de Instalação Elétrica Avançada é destinado a quem deseja aprofundar seus conhecimentos e desenvolver habilidades para executar instalações elétricas com maior segurança, organização e eficiência. A capacitação aborda conceitos e práticas utilizados em instalações residenciais, comerciais e prediais, preparando o participante para compreender [&hellip;]</p>
